d 180?
1
Suppose 3*i - 5*q = 112, 4*q = -13*i + 12*i + 60. Suppose 45*u = i*u + 55. Calculate the greatest common factor of 45 and u.
5
Let u = -62 - -74. Let v be (-824)/(-10) + (2 - u/5). Let j = -73 + v. What is the highest common factor of 18 and j?
9
Let m be (-4)/(-16) - (-14)/8. Let u(w) = 37*w - 2. Let x be u(m). Let d = -7724 - -7733. What is the highest common divisor of x and d?
9
Let j be (-153)/(-204) - (-27831)/12. Calculate the highest common factor of 29 and j.
29
Let a(w) = -2*w**2 + 6*w + 10. Let z be a(4). Let f be (248/155)/(z/5). What is the highest common divisor of f and 36?
4
Let y be 6/4 + -8 + 522/36. Suppose -6 = -2*g, -4*s - 5*g + 122 = -5. Calculate the greatest common divisor of y and s.
4
Let a be 232/26 - (2 + (-513)/247). Calculate the greatest common divisor of 1284 and a.
3
Let r(j) be the second derivative of j**4/4 - j**3/6 + j**2 - 27*j. Let u be r(3). Let i = u - 7. What is the greatest common factor of i and 19?
19
Suppose 5*f + 242 = 3*d + 199, d - 21 = 5*f. Suppose 6*i - 1760 = i. Calculate the greatest common factor of i and d.
11
Let j be (-1 - 20/(-14)) + (-20900)/(-266). Let s = 83 - j. Suppose 150 = 2*m - 4*y, 0*y + s*y = 4*m - 304. Calculate the highest common factor of 22 and m.
11
Let o be (10/4 + 0)/(3/18). Suppose 9*t = o*t - 24. Suppose 8*g = 92 + t. What is the highest common divisor of g and 30?
6
Let i be (0 + -2)*(-4)/2. Let y(v) = 3*v**2. Let h be y(i). Suppose 0 = -98*n - 1092 + 3056 - 681 + 2245. What is the highest common factor of n and h?
12
Let g be (-4 - -6)/(4/50). Suppose 101*z = 95*z + 36. Suppose 4*s + 1359 = 5*i, -z*i + 2*s = -i - 1367. What is the highest common divisor of g and i?
25
Let g(w) = -w**3 - 7*w**2 - 9*w + 10. Let j = 31 + -36. Let m be g(j). Suppose -m*f - 5 = -15. What is the highest common factor of f and 4?
2
Suppose 4*j = -2*m + 398, -101 = -j - m - m. Let y(a) = -94*a**2 - 2*a + 2. Let v be y(1). Let z = j + v. Calculate the greatest common divisor of 20 and z.
5
Suppose 2*h - 437 + 357 = 0. Let x be (12/15)/(h/12100). What is the greatest common factor of x and 44?
22
Suppose -3101*u = -3175*u + 1794500. What is the greatest common factor of u and 194?
194
Let o = -1217 + 1263. Calculate the highest common divisor of o and 32.
2
Suppose b - 3898 - 8530 = -i, 0 = -i + 5*b + 12404. Calculate the greatest common divisor of i and 8.
8
Let v(h) = 90*h**2 + 4*h + 33. Let c be v(-5). Calculate the highest common divisor of 62 and c.
31
Let n be (-29)/2*(4 - 34)/5. Let y = n + 243. What is the highest common divisor of 30 and y?
30
Suppose 1202 = 2*c - u, -17*u - 20 = -12*u. Let r = -541 + c. Calculate the greatest common factor of r and 319.
29
Let w = 12 + 40. Let y = -1258 - -1271. What is the greatest common factor of y and w?
13
Suppose -402 - 22 = -4*k. Suppose -217 = -4*v + y, -2*v + 2*y + 111 = y. What is the greatest common divisor of v and k?
53
Suppose 0 = -2*d + 7 - 1. Let p be 1 + -2 + d + 0. Suppose -4*v - 5*j - 9 = -41, -3*v + 4*j = -24. Calculate the greatest common factor of p and v.
2
Let a = 2 - -3. Suppose -a*m + 565 = -5*l, -m - 3*l = l - 88. Let p = -1891 - -1903. What is the greatest common factor of m and p?
12
Let t = 182 + 97. Suppose 3*j - 5*j = -0*j. Let q = j + 31. Calculate the greatest common factor of q and t.
31
Let s = 127 + 139. Let p be 4 + (-440)/(-13) - 4/(-26). Calculate the greatest common factor of p and s.
38
Let b = -756 + 536. Let c = b + 233. Calculate the highest common divisor of c and 208.
13
Let k(w) = 17*w**2 - 23*w + w**3 + 10 + 0*w**3 - 18 - 17. Let p be k(-18). Calculate the highest common divisor of 39 and p.
13
Let r = 26 - -29. Suppose -9*b + 35 = -64. What is the greatest common divisor of b and r?
11
Let x be 1106 + 0 + -2 + 36 + -32. What is the greatest common divisor of x and 8?
4
Suppose 0 = -19*k - 2384 + 15342. Let q = k - 627. What is the greatest common divisor of 33 and q?
11
Let w = 22020 - -3252. What is the highest common factor of 27 and w?
27
Let n(w) = -13*w + 1. Let b be n(-1). Let z = b - -16. Suppose -23*y + 22*y + i = -119, 2*y + 5*i - 245 = 0. What is the highest common factor of y and z?
30
Let k(m) = 4*m**2 - 496*m + 1. Let j be k(124). Calculate the greatest common divisor of j and 1912.
1
Suppose 0 = -3*c - d + 373, 4*c = 6*d - 7*d + 498. What is the highest common factor of 5 and c?
5
Let h(y) be the first derivative of 5*y**2/2 - 21*y + 10. Let f be h(14). What is the greatest common divisor of f and 77?
7
Let j(t) = t**3 + 35*t**2 + 24*t - 121. Let n be j(-34). What is the highest common divisor of 30003 and n?
219
Let w = 238 + -154. Let y be (3 - 714/85)/((-3)/70). What is the highest common factor of w and y?
42
Let w = 16 - 16. Suppose w = -5*p + 25, 0 = -4*h - 0*p + p + 695. Let x(q) = -3*q + 10. Let f be x(-5). What is the highest common divisor of f and h?
25
Let t(x) = x**3 - 5*x**2 + 5*x - 4. Let q be t(4). Suppose m - 3 - 5 = q. Suppose 282*s - 6466 - 253 = 4561. What is the highest common divisor of s and m?
8
Suppose -2*f - 51 = 15. Let d = f - -37. Suppose d*p - 3 = 5. Calculate the greatest common divisor of 4 and p.
2
Let g be -31*(-4 - (1 + -3)). Suppose 2*v = -0*b + b - g, -62 = -b + 3*v. Let p = -777 - -808. What is the greatest common factor of b and p?
31
Suppose 4*k - 3*k + 3*z = 269, 0 = 3*z + 21. What is the highest common factor of 7975 and k?
145
Suppose x = 2*c, -103 = 5*c + x - 131. What is the greatest common divisor of c and 1228?
4
Let t(q) = 4*q**2 + 3*q + 1. Let g be t(-4). Suppose -9*l - 15*l + 4384 + 5792 = 0. What is the highest common factor of g and l?
53
Let o(t) = t. Let k(b) = -78*b**2 + 2*b + 1. Let u(s) = -k(s) + o(s). Let i be u(-1). Suppose 0 = 3*a - 82 - 74. What is the highest common factor of i and a?
26
Let n be (150/(-8))/(((-2)/(-10))/(160/(-300))). What is the highest common factor of 2290 and n?
10
Let m(o) = -o**3 - 18*o**2 - 28*o + 108. Let j be m(-16). Let i(f) = 3*f + 40. Let q be i(16). Calculate the highest common divisor of q and j.
44
Let p = 363 - 373. Suppose -207 = -5*i + 3. Let b be p/4*i/(-5). What is the greatest common divisor of b and 7?
7
Suppose 4*k + 8*b - 4*b + 8 = 0, 2*b - 4 = 2*k. Let n be (621/6)/((-1)/k). What is the highest common divisor of 23 and n?
23
Let s be 35 + -2 + 2/(4/2). Suppose -13*z + 88 + 354 = 0. Calculate the greatest common divisor of z and s.
34
Let q = 158 + -155. Suppose 3*r - 18 = o, 5*r - 2*o - 32 = -q. What is the greatest common factor of 21 and r?
7
Let x(s) = -s + 6. Let g be x(5). Let a(b) = 2*b**2 + 8*b**3 + 0*b**2 + 2*b**3 - 2*b. Let l be a(g). What is the greatest common factor of l and 10?
10
Suppose 3*m = 2*g - 69, -2*g + 3*m + 77 = 8*m. Suppose 5*h - 511 = y, -h + 65 = y - g. Let a = h - 90. Calculate the highest common factor of 42 and a.
6
Let n = 83 + 817. Suppose -11*i + 2*i = -n. Let c(o) = -6*o - 2. Let k be c(-7). What is the greatest common factor of k and i?
20
Suppose 15 = -11*x - 106. Let d(f) = 3*f**3 + 34*f**2 - 30. Let v be d(x). What is the highest common factor of 28 and v?
7
Let l(w) = -121*w + 83. Let h be l(2). Let o be (-1060)/h*((-11)/(-5) - 1). Calculate the highest common divisor of 128 and o.
8
Suppose -118*h - 121*h + 442000 = 132256. Calculate the greatest common factor of h and 4176.
144
Let c(w) = w**3 + w**2 - 36*w + 499. Let y be c(12). Calculate the highest common divisor of y and 28.
7
Let r(g) = 28*g**2 - 44*g + 84. Let a be r(2). Calculate the greatest common divisor of 135 and a.
27
Suppose 0 = -14*q - 59*q + 15038. What is the highest common divisor of q and 52736?
206
Suppose -d = 2*v + 8 - 0, 4 = -2*v - 2*d. Let a be ((-165)/v + 2)*(30 - 28). What is the highest common factor of a and 944?
59
Let h(j) = -2*j**2 - 96*j + 1059. Let m be h(9). What is the greatest common factor of 3124 and m?
11
Let h(g) = 2*g**3 + 88*g**2 + 35*g + 19. Let l be h(-43). Calculate the greatest common divisor of l and 280.
28
Let w = -34 + 42. Let v be (-4)/w + (-309)/(-6). Suppose -3*x = -v - 39. What is the highest common divisor of 20 and x?
10
Let w = 45 + 45. Calculate the highest common factor of 110 and w.
10
Let n be (10/3 + -6)/(-4)*30. Let v(z) = -4*z**2 + 6*z + z**3 - 2*z**2 + 6 + 9 - 1. Let k be v(6). Calculate the highest common factor of 